Let d be (8/(-6))/((-50)/225). Suppose -d*t = 3*n - 8*t - 136, -148 = -3*n - t. What is the highest common divisor of 384 and n?
48
Let u be 39/(1755/558)*(-1530)/(-36). Let w be (-1 - (-2 - 0)) + 16. Calculate the highest common divisor of u and w.
17
Suppose -47*k + 18234 = -38*k. Suppose 5*l + k = 3*w, 18*w = 14*w - 4*l + 2680. Calculate the highest common divisor of 56 and w.
56
Let u be (-30 - 12090/(-27)) + 2*1/9. Suppose 0*f + 157 = 4*a - f, -3*a + 2*f = -124. What is the greatest common factor of u and a?
38
Let m(c) be the second derivative of -c**4/12 + 59*c**2/2 - 112*c. Let f be m(7). Calculate the highest common factor of f and 250.
10
Let v be ((-8)/(-2) - -4)*(-189)/(-12). Let f = v + -108. Suppose 0 = -3*m + 4*m - 9. Calculate the greatest common factor of f and m.
9
Let s(t) = -t**3 - 3*t**2 + 5*t - 2. Let a be s(-5). Let j be 3 - (-333)/(3 + 0). Suppose 162 = 6*w - j. Calculate the greatest common divisor of a and w.
23
Suppose 1608 = 2*a - 4*a. Let l be a/(-156) + 4/(-26). Let c(f) = -5*f - 25. Let x be c(-6). Calculate the highest common divisor of l and x.
5
Suppose 2*q - 728 = 2*n, 2*q + n = 495 + 221. Calculate the greatest common divisor of q and 320.
40
Let m be ((-1348)/(-52) + (-3)/156*-4)*22. Let z(n) = 8*n + 12. Let h be z(5). What is the highest common factor of h and m?
52
Let t(y) = 10*y**3 + 5*y**2 + 23*y - 1. Let d be t(-4). Let i = 665 + d. What is the highest common factor of 15 and i?
3
Let o(c) = -c - 15. Let a be o(-23). Suppose 0 = 3*n - a - 214. What is the greatest common factor of n and 185?
37
Let q(k) = -k**3 + 42*k**2 + 10*k + 52. Let n be q(42). Let g = 522 - n. Calculate the greatest common factor of 15 and g.
5
Suppose 3*b + 5*n = 9527, -6*b + 2*n + 2*n + 19124 = 0. Calculate the greatest common divisor of b and 16.
16
Let h(m) = -m**3 - 30*m**2 + m + 25. Let i be h(-30). Let d be -11*((-5)/i + -22). Let p = d - 87. What is the greatest common factor of 9 and p?
9
Suppose 0 = h + 5*c - 301, -41*c + 36*c + 582 = 2*h. Let b = h - 248. What is the greatest common factor of b and 341?
11
Let j be 24*5/40 + (2*73)/2. What is the highest common factor of j and 18202?
38
Let j be (-2)/((-22)/(-20) - 1). Let a = 40 + j. Suppose 16*t + 37 = 120 - 19. What is the highest common factor of a and t?
4
Let m = 1878 - 1507. What is the greatest common divisor of 28 and m?
7
Let t(a) = 40*a - 62. Let g be t(4). Calculate the greatest common factor of 1813 and g.
49
Let c(l) = 67*l - 332. Let n be c(5). Suppose -2*o = -n*i - 1203, 3*o - 1150 = i + 637. What is the highest common divisor of o and 54?
54
Let j(h) = 3*h + 5. Let z be j(5). Suppose -m = 3*x - 16, 7*m - 2*x - 63 = 2*m. Suppose -48 = -m*w + 9*w. Calculate the greatest common divisor of z and w.
4
Suppose 0 = -2*b + b + 4. Let u = 6759 + -6751. Suppose 0 = -b*j + u + 212. What is the greatest common factor of 5 and j?
5
Suppose -423*r + 426*r - 1692 = -4*c, -5*r + 2774 = -c. Calculate the highest common divisor of 1807 and r.
139
Let k be 38/(-665)*-161*295*1. Calculate the highest common factor of k and 92.
46
Let o = 21552 - 17928. Calculate the greatest common factor of 30 and o.
6
Let v = 370 - 359. Suppose q + 2*i = 11, 21*q - 5*i + v = 18*q. Let b be 28 - -3*(-3)/9. What is the greatest common factor of b and q?
3
Let w = 21566 + -21335. Calculate the greatest common divisor of 1176 and w.
21
Suppose -6*r - 1580 = -10*r. Suppose -6*y - r - 247 = 0. Let j be 4 - (y + 4 + -3). What is the greatest common factor of j and 10?
10
Let q = -46 + 61. Let y = 19 + 4. Let x = 26 - y. What is the greatest common factor of x and q?
3
Let c be 174 + (8 - -7) - 3. Calculate the greatest common factor of c and 2170.
62
Suppose 39*c - 34*c + 5 = 0. Let o be 103 - (9/(-54) + c/(-6)). Let p = o + -96. Calculate the highest common divisor of p and 21.
7
Let z(t) = -13*t + 157. Let u be z(7). Suppose -19*r = -3*k - 17*r + u, 2*r - 6 = 0. Calculate the highest common factor of k and 15.
3
Suppose 78*s + 79 = 83*s - 2*t, -4*t + 67 = 5*s. What is the greatest common factor of s and 41?
1
Let u = -43 - -42. Let f be (-228)/(-6)*(0 - u). Calculate the highest common divisor of f and 171.
19
Suppose 357*j = 70*j + 2517851. Calculate the greatest common factor of j and 93.
31
Let z be ((-1872)/(-65))/((-7)/(-35)). Calculate the greatest common divisor of z and 9.
9
Let q(i) = 29*i - 1725. Let h be q(60). What is the highest common divisor of h and 5385?
15
Suppose 0*h + 9394 = 133*h - 8162. Suppose -2*s - 4*m + 97 = -m, 3*s + 2*m = 138. What is the highest common factor of s and h?
44
Let a be -6 + (-273)/(-15) - (-2)/(-10). Let u(s) = 6*s + 93. Let c be u(a). Calculate the highest common divisor of 30 and c.
15
Let m be (3/(-2))/((-3)/912). Suppose 2*s + 62 = 3*a + 134, -160 = -5*s + 5*a. Calculate the highest common factor of m and s.
24
Let b(x) = x**2 + 42*x + 85. Let u be b(-39). Let l be (1768/u)/13*(-3 - 1). Calculate the greatest common factor of 1 and l.
1
Let u(g) be the second derivative of -3*g**3/2 + 80*g**2 + 3*g - 11. Let z be u(0). What is the greatest common divisor of 560 and z?
80
Let n = -18 - -40. Suppose 3*v = 2*t + 78, -4*v + 111 = -0*v - 5*t. Let b = v - n. Calculate the greatest common divisor of 1 and b.
1
Suppose -l + 3 + 4 = 0. Suppose -3*q + 89 = d, -3*d = 3*q - 300 + 57. What is the highest common factor of d and l?
7
Let a be (1683/(-34))/(-3*1/4). Suppose a = 5*n - 399. Suppose -n = -k - 3*b, 5*b - 21 = 4. Calculate the highest common divisor of 195 and k.
39
Let s = -1353 + 1381. What is the greatest common divisor of s and 812?
28
Suppose 0 = 5*z - 0*z + 4*y + 8, 2 = -2*z - y. Suppose z*k - 12 = -n - 3*k, 0 = -n - 5*k + 2. What is the greatest common divisor of n and 216?
27
Let k = -43 - -25. Let o be 12/k - (-17)/3. Let b = 16 + o. What is the greatest common divisor of 3 and b?
3
Let t(s) = s + s - s + 36 - s + s. Let w be t(-27). Let y = 189 - 72. What is the greatest common divisor of w and y?
9
Let t be (11 - 0)*(-2 + 3). Let y = 105082 + -105038. What is the highest common divisor of t and y?
11
Suppose -36402 - 4206 = -72*t. What is the greatest common divisor of 48 and t?
12
Let w be (1 + -53)/(2/(-4)). Let y be 72/(-30)*(3 + (-38)/6). Suppose 0 = -4*j + 8, -y - 6 = -k - 3*j. What is the greatest common divisor of w and k?
8
Let j(t) = 890*t - 5307. Let m be j(6). Let c be 2*-1 - (-1 + -320). What is the greatest common divisor of c and m?
11
Suppose -56*v = -66*v - 620. Let x be (31/v)/((-1)/16). What is the highest common divisor of x and 312?
8
Suppose -36*l - 16*l - 348 = -81*l. Calculate the highest common divisor of 1494 and l.
6
Suppose 0 = -5*m - 282 + 1587. What is the highest common factor of m and 2175?
87
Let z = 763 - 720. Suppose z*k - 666 = 22812. What is the highest common factor of 42 and k?
42
Let m = 1163 - 1132. Calculate the greatest common factor of 1922 and m.
31
Suppose -46*o - 145440 = -248*o. What is the highest common divisor of 400 and o?
80
Suppose 2*q = -5*b + 25, 0 = -4*b - 6 + 18. Suppose -n - q*n = -252. What is the highest common divisor of n and 14?
14
Suppose -33*k + 37*k - 672 = 0. Suppose -5*o - k = -o. Let y be (-1 - -2)/((o/(-408))/7). What is the highest common factor of y and 17?
17
Let n be (15 + -10)*(-27)/(-15). Suppose -15*t = n*t - 288. Calculate the highest common factor of t and 96.
12
Suppose -33*k + 132988 + 30824 = 0. Calculate the highest common factor of 34 and k.
34
Let v be (-10)/(-80)*104 - -481. Calculate the greatest common factor of v and 52.
26
Let x = -17021 + 17048. What is the highest common factor of x and 8?
1
Suppose 34 = -h - 10*l, 82 = 2*h + 14*l - 19*l. What is the greatest common factor of 39 and h?
13
Suppose 10 - 38 = -14*q. Let u be -9 + 281 - (q + 1 + -7). What is the highest common factor of u and 207?
69
Let l be (-2*3 + 1)*(41 + -42). Suppose 2*v = 5*v - 4*a - 19, 9 = l*v - a. Let d be (-8 - v)/3 - -36. What is the greatest common factor of 11 and d?
11
Let t = -79 + 119. Let f(r) be the third derivative of r**4/3 + 13*r**3/6 + 224*r**2. Let v be f(-1). Calculate the highest common divisor of t and v.
5
Suppose -g - 7*g - 32 = 0. Let v be (g/(16/(-95)))/(5/20). Suppose 116 - 287 = -3*z. Calculate the highest common divisor of z and v.
19
Suppose 6*x